12 + 5*v**3/6 + 3*v**2/2 + 592*v. Give x(w).
-1
Let u(g) be the second derivative of 0*g**3 + 1/12*g**4 - 5/2*g**2 + 0 + 49*g. Calculate u(0).
-5
Let t(v) = -4*v - 51. Let a be t(-17). Let x(w) = -a*w - 9*w + 28*w. Determine x(3).
6
Suppose 0 = -3*c + 3*b + 12, -3*b = -4*c + 7 + 7. Let j(n) = -4*n + 1. Let w(q) = 1. Let t(k) = c*w(k) + j(k). Give t(2).
-5
Suppose -11 = -4*y + 21. Let d(s) = 2 - y - s**2 - 3*s - s. Determine d(-5).
-11
Suppose 33 = 2*i - 31. Let z = -24 + i. Let f(q) = q**3 - 7*q**2 - 8*q + 3. Calculate f(z).
3
Suppose 0 = -g + 11. Let r = 3 - g. Let c(x) = x**3 + 8*x**2 + 11. Determine c(r).
11
Let z = 166 - 160. Let m(g) be the third derivative of -7/6*g**3 + 2*g**2 - 1/24*g**4 + 0 + 0*g. Calculate m(z).
-13
Let a(j) = -j**2 - 4*j - 4. Let p = 24 + -29. Calculate a(p).
-9
Let o(v) = -23*v - 12*v - 6*v - 9 + 45*v - 8*v. Give o(-2).
-1
Let n(l) = -2*l + 11. Let o(m) = 4*m - 16. Let x(r) = 7*n(r) + 5*o(r). What is x(-3)?
-21
Let u = 292 - 289. Let m(a) = 13*a - 4. What is m(u)?
35
Let d(t) = -t**2 - 5*t + 11. Suppose -5*z = -142 - 38. Suppose -5*b = -5*n + 34 + 26, 0 = -2*b + 5*n - z. Determine d(b).
-13
Let q(f) = 13*f**2 + 2*f + 1. Let j(a) = 10*a - 10*a**2 - 4*a + a + 8 + 11*a**2. Let t be j(-6). Suppose 2*x + 22 = -4*m, -4*x + t*x - 3*m = 17. What is q(x)?
12
Let w(m) be the first derivative of -m**3/3 - 3*m**2 - 2*m + 36. Give w(-4).
6
Suppose -v - 2*m - 10 - 3 = 0, -2*m + 41 = -5*v. Let w(j) = -j**2 - 8*j + 13. Calculate w(v).
4
Let n(a) = 3*a**2 - 38*a + 1. Let k(u) = -u**2 + 13*u. Let j(l) = 17*k(l) + 6*n(l). Suppose o = -h - 18, -h + 0*h + 3 = 0. Let c = o - -25. Calculate j(c).
-6
Let y(n) = -n**2 + 5*n + 1. Let d(l) = 5*l**2 - 40*l + 7. Let z be d(8). What is y(z)?
-13
Let f(h) = 0 + 0*h - 1 + h + 6. Calculate f(8).
13
Let u = 151 - 156. Let x(f) be the first derivative of -f**3/3 - 7*f**2/2 - 5*f - 1. Let d be x(u). Let q(a) = a**3 - 5*a**2 + a - 3. Give q(d).
2
Let v be 0/6 + (3 - 1). Suppose v*x - 15 = -4*o + 49, 4*x - o = 92. Let r be (80/x)/(4/(-6)). Let p(b) = b**2 + 4*b - 7. Calculate p(r).
-2
Suppose 0 = -5*h - 3*f + 5, -4*f - 5 = 5*h + f. Let u(s) be the third derivative of s**5/60 - s**4/6 + s**3/6 + 6*s**2. Give u(h).
1
Let h(u) = 5*u. Let z(m) = 9*m. Let w(p) = -10*h(p) + 5*z(p). Let t be (-4)/(-10) - (-54)/15. Suppose 5*b = r - 14, 2*r - 2*b = -0*b + t. Determine w(r).
5
Suppose -5*o = -3*o + 12. Let k(x) = x**2 - 2*x - 1. Let i be k(4). Let v = o + i. Let u(w) = 12*w. Calculate u(v).
12
Let r(v) be the second derivative of v**7/840 + v**6/90 - v**5/40 + v**4/8 - 10*v**3/3 - 11*v. Let c(f) be the second derivative of r(f). Determine c(-5).
-7
Let y(i) be the third derivative of i**6/120 - 7*i**5/60 + i**4/4 - i**3/6 - 138*i**2 - i. What is y(6)?
-1
Let g(h) = h**3 - h**2 + 8. Suppose 2*a = 3*a. Let w be g(a). Let s(o) = -o**3 + 9*o**2 - 7*o - 11. Let l be s(w). Let m(t) = t**3 + 3*t**2 - 4. Calculate m(l).
-4
Let v(q) = -q. Let c(u) = 3*u**2 - 2*u + 3. Let b be c(2). Let x = b - 17. What is v(x)?
6
Suppose 64 = 3*n + 5*n. Let j(r) = 2*r - 20. Let w(v) = -v + 13. Let q(z) = n*w(z) + 5*j(z). Calculate q(-4).
-4
Suppose 8*z - 11*z = 13*z. Let q(f) be the third derivative of 1/3*f**4 + 13*f**2 + 1/60*f**5 + f**3 + 0*f + z. What is q(-5)?
-9
Let g(a) = a. Let m(u) = -6*u + 1. Let p(r) = -5*g(r) + m(r). Suppose -12 = 3*s, -5*v - 5 + 20 = -5*s. Calculate p(v).
12
Let n(p) = 25 + 10*p**2 + 1 - p**3 + 19*p + 2*p**3 - 8. Calculate n(-8).
-6
Let v(f) = f**2 + 9*f - 11. Let j be 20 + -24 - (7 - 2). Give v(j).
-11
Let f be -2 - (-3 - -4) - -5. Suppose 3*o = 4*t + f - 0, -5*o + 3*t = -7. Let q(a) = -3 - 3*a + 2*a**2 + 5 + 1. Calculate q(o).
5
Suppose -q + 2*q = 0. Let f(h) = -h**3 + 2*h**2 + 2. Let k be f(2). Let b(u) = -9 + 0*u**k + u + 5*u**3 + 2*u**2 - 4*u**3 - 3*u**2. Determine b(q).
-9
Let c(w) = 2*w. Let g be 0 + 2/3*-3. Determine c(g).
-4
Suppose -27 = -9*z + 6*z + 2*b, -2*b = -z + 13. Suppose -4*j - 2*s + 32 - 6 = 0, -3*j + 24 = -3*s. Let t(l) = -1 - l**2 - j - l + 2 + z. What is t(-3)?
-5
Let c(b) be the first derivative of b**2/2 + 5*b - 25. What is c(-4)?
1
Let f(g) = 7 + 5*g + 0*g - 3*g + g + 10. Calculate f(-9).
-10
Let g(j) = -20*j**3 + 2*j**2 - 1. Let z = -1184 + 1185. Determine g(z).
-19
Let x(n) = -n - 2. Suppose -5*q - 4*g = -15, 0 = -2*q + 3*g + 2 + 4. Determine x(q).
-5
Let j be (((-6)/(-9))/1)/(1/3). Suppose -27 = 7*z - 2*z - j*a, 5*a + 15 = -4*z. Let k(h) = -h**2 - 5*h + 6. Give k(z).
6
Let f = -908 - -902. Let a(k) = -3*k - 6. Calculate a(f).
12
Let x(o) = -5*o**2 - 5. Let p(i) = 3*i**2 + 2. Let s(y) = -7*p(y) - 3*x(y). Let l = -5 - -6. Suppose 2*n = -l + 3. What is s(n)?
-5
Suppose -3*u + 49 = -38. Let a = u - 29. Let k(h) = -h - h - 4 + 3*h. Determine k(a).
-4
Suppose -3*g = -4*g - 2*g. Let j(f) be the third derivative of 0*f + g - 1/24*f**4 + 2*f**2 - 3/2*f**3. Calculate j(-6).
-3
Suppose 3 = 738*g - 735*g. Let m(d) = -9*d**3. Calculate m(g).
-9
Suppose 4*m - 4*j = 20, 2 = 5*m - 3*j - 17. Let p(i) = 72 - 5*i - 69 + 0*i. Calculate p(m).
-7
Let w(l) = 2*l**2 + l - 2. Suppose 16 = -3*r - 2*k, -k - 8 + 1 = r. Determine w(r).
4
Let u(p) be the second derivative of p**5/20 + p**4/3 - p**3/6 - 5*p**2/2 + 64*p. Suppose 4*y = -8, -2*y - 12 = 5*i - 6*y. Determine u(i).
-1
Let t(z) = -11*z**3 - 77*z**2 - 20*z - 22. Let w(a) = 5*a**3 + 35*a**2 + 10*a + 11. Let p(f) = -4*t(f) - 9*w(f). Give p(-6).
13
Let o(w) = -w**3 + 10*w**2 - 9*w - 6. Let v be -3 + -1 - 1 - -14. Determine o(v).
-6
Let s(h) = h**3 + 7*h**2 + 5*h. Suppose -480 = -15*o + 5*o. Let q = o - 54. Determine s(q).
6
Let y(x) = 14 + 177*x + 5 - 180*x. What is y(10)?
-11
Suppose -5*z - 2 = -12. Let v(b) = -b - 2*b + z*b + 5 + 2*b. Calculate v(0).
5
Let r(o) = 2*o**2 - 3*o. Let c(s) = -s**3 - 6*s**2 - 5*s - 4. Let d be c(-5). Let a(f) = -5*f - 18. Let l be a(d). Give r(l).
2
Suppose -h = -7*h - 6. Let m(l) = -l**2 - 1. What is m(h)?
-2
Let o(t) = 2*t - 2. Let z be 2*(1*-3 + 153/6). Let m = z - 43. Calculate o(m).
2
Let h = 25 - 24. Let s(y) = -y**3 + 6*y**2 - 6*y + 5. Let j(r) = -r**3 + 17*r**2 - 17*r + 14. Let m(l) = 6*j(l) - 17*s(l). Calculate m(h).
10
Let k(z) = -4*z + 1. Suppose 0*v - 21 = 3*r - 3*v, -5*v = -3*r - 31. Let p = -1 - r. Let u be 2/4 + p/2. What is k(u)?
-3
Suppose -h = 3*d + 1, 3 = 6*d - d - 3*h. Let w(v) = v**2 + 8. Let b be w(d). Suppose 3*q + b = -q. Let m(p) = p**2 - 2*p - 2. Calculate m(q).
6
Suppose 34 = 10*t + 24. Let f(x) = -8*x + 1. Calculate f(t).
-7
Let g(k) = -k - 387*k**2 + 198*k**2 + 194*k**2. What is g(1)?
4
Let h(m) = -m**3 + m**2 - m - 1. Let r(s) = -3*s**3 + 7*s**2 - 5*s. Let c(v) = 2*h(v) - r(v). Calculate c(4).
-6
Suppose 3*m - 4 = 8. Let w = -11 + 13. Let k(b) = -6 + w + 9 + 1 - 6*b. Give k(m).
-18
Suppose 0 = -936*v + 941*v - 55. Let h(c) = -c**3 + 11*c**2 + 17. Calculate h(v).
17
Suppose -4*v + 4*t + 8 = 0, 5*v + t - 7 = -15. Let c(i) = 6*i - 5. Calculate c(v).
-11
Let s(b) = b**3 - 4*b**2 + b. Let a(f) = -f**3 + 3*f**2 - f. Let c(p) = -4*a(p) - 3*s(p). Let o = -13 + 21. Suppose -3*h = -o*h. Give c(h).
0
Let x(r) = -1 + 3*r + 1 - 8 - r. Let b be x(6). Let t be (-1 + 5)/b*-6. Let y(p) = -p**3 - 7*p**2 - 5*p. Give y(t).
-6
Let c(q) = 2*q**2 + 11*q + 13. Let d(s) = s**2 + 6*s + 7. Let u(g) = 3*c(g) - 5*d(g). Determine u(-6).
22
Let j(s) be the second derivative of -s**4/3 + s**3/2 + s. Let w(a) = -2 + 6*a**3 + 2*a**3 + 3*a**2 - 7*a**3. Let y be w(-2). What is j(y)?
-10
Let i(u) be the first derivative of u**2/2 - 7*u - 1. Let n be (6 + -36)/15 - 8/(-1). Determine i(n).
-1
Let w(d) = 146*d + 1026. Let m be w(-7). Let a(k) = 4*k - 6 - 3 - k**2 + 4. What is a(m)?
-5
Let d(i) = -3*i. Suppose 87 = 11*l + 10. Suppose l*o + 27 = -15. Determine d(o).
18
Let q(k) = k - 1. Let i(z) = -z - 11. Let r = -89 + 88. Let a(u) = r*i(u) - 2*q(u). Calculate a(9).
4
Suppose 0 = -w + 3*s + 2, 2*w + 3*s - 2 = w. Suppose -3*d - w*x = -28, -2*d - 3*d + 54 = -4*x. Suppose -16 = 3*y - d. Let j(r) = r. Give j(y).
-2
Let g(k) = -k**2 + 7*k - 1. Suppose 6*o + 1 = -5. Let w = o - -7. What is g(w)?
5
Let z(m) = -m**3 - 6*m**2 - 2*m - 4. Suppose 7*r = -0*r + 140. Suppose -j + 4*c = -0*c - 12, 4*c = -j - r. Let v be 26/j + 7/14. What is z(v)?
8
Let g be 0 + 1 + 77/11 + -2. Let o(j) = 2*j + 6. Give o(g).
18
Let g be (-20 + 18)*(-3)/(-2). Let